 when 2769409 is divided by 1278?
1261
Calculate the remainder when 229531 is divided by 17636.
263
Calculate the remainder when 849918 is divided by 35.
13
What is the remainder when 724820 is divided by 241347?
779
Calculate the remainder when 2514 is divided by 269.
93
What is the remainder when 50561 is divided by 6296?
193
Calculate the remainder when 366769 is divided by 61114.
85
Calculate the remainder when 378124195 is divided by 1857.
1855
Calculate the remainder when 1377684 is divided by 1377503.
181
What is the remainder when 6362291 is divided by 430?
11
Calculate the remainder when 9125155 is divided by 2728.
2723
What is the remainder when 550439 is divided by 182871?
1826
Calculate the remainder when 433001 is divided by 216496.
9
What is the remainder when 1738027 is divided by 17734?
95
Calculate the remainder when 135209 is divided by 9635.
319
What is the remainder when 323555 is divided by 321?
308
Calculate the remainder when 692245 is divided by 346095.
55
What is the remainder when 5771367 is divided by 587?
570
What is the remainder when 364573 is divided by 494?
1
Calculate the remainder when 386043 is divided by 552.
195
What is the remainder when 834697 is divided by 2362?
911
What is the remainder when 1164995 is divided by 322?
321
Calculate the remainder when 1179213571 is divided by 956.
955
Calculate the remainder when 15127251 is divided by 89.
10
Calculate the remainder when 8541 is divided by 2597.
750
What is the remainder when 671387 is divided by 223727?
206
What is the remainder when 39977 is divided by 139?
84
Calculate the remainder when 933629 is divided by 22771.
18
What is the remainder when 412358 is divided by 284?
274
What is the remainder when 487991 is divided by 2284?
1499
Calculate the remainder when 113372 is divided by 37571.
659
Calculate the remainder when 7704 is divided by 100.
4
Calculate the remainder when 2712148 is divided by 694.
690
What is the remainder when 61137879 is divided by 2352?
2343
Calculate the remainder when 11097492 is divided by 37.
8
What is the remainder when 286881577 is divided by 10?
7
What is the remainder when 36541982 is divided by 3591?
3557
What is the remainder when 787752 is divided by 262570?
42
Calculate the remainder when 476838 is divided by 476679.
159
What is the remainder when 75384 is divided by 15006?
354
Calculate the remainder when 55416392 is divided by 51.
47
What is the remainder when 22925757 is divided by 22925704?
53
Calculate the remainder when 19955661 is divided by 1159.
1158
Calculate the remainder when 345686 is divided by 6392.
518
What is the remainder when 22088 is divided by 49?
38
Calculate the remainder when 82243 is divided by 378.
217
What is the remainder when 5879 is divided by 634?
173
Calculate the remainder when 6373 is divided by 3024.
325
Calculate the remainder when 429272 is divided by 8244.
584
Calculate the remainder when 467332432 is divided by 8123.
8119
What is the remainder when 322678 is divided by 53775?
28
Calculate the remainder when 81734 is divided by 1630.
234
Calculate the remainder when 9821382 is divided by 71169.
60
What is the remainder when 20457963 is divided by 37?
34
Calculate the remainder when 477595091 is divided by 3588.
3587
Calculate the remainder when 1357129 is divided by 2900.
2829
Calculate the remainder when 1080599 is divided by 237.
116
What is the remainder when 328653 is divided by 108655?
2688
Calculate the remainder when 7953255 is divided by 2651081.
12
Calculate the remainder when 36081 is divided by 445.
36
What is the remainder when 1541738 is divided by 875?
863
Calculate the remainder when 3221363 is divided by 230.
213
Calculate the remainder when 12727654 is divided by 5710.
64
Calculate the remainder when 171250 is divided by 1427.
10
Calculate the remainder when 93592 is divided by 2168.
368
What is the remainder when 465839 is divided by 122?
43
What is the remainder when 3016225 is divided by 3016219?
6
Calculate the remainder when 27899 is divided by 9027.
818
What is the remainder when 57759298 is divided by 7922?
7918
Calculate the remainder when 47378 is divided by 1400.
1178
Calculate the remainder when 1296716 is divided by 589.
327
Calculate the remainder when 746212 is divided by 85.
82
Calculate the remainder when 158072 is divided by 77897.
2278
What is the remainder when 667161 is divided by 415?
256
What is the remainder when 195457959 is divided by 97728974?
11
Calculate the remainder when 489844 is divided by 97949.
99
Calculate the remainder when 16702511 is divided by 1078.
1057
Calculate the remainder when 32675 is divided by 15571.
1533
What is the remainder when 98655 is divided by 3296?
3071
What is the remainder when 830652 is divided by 276706?
534
What is the remainder when 17161 is divided by 16?
9
What is the remainder when 174551 is divided by 4071?
3569
Calculate the remainder when 618107 is divided by 18175.
157
Calculate the remainder when 7989815 is divided by 293.
291
What is the remainder when 1217975 is divided by 1000?
975
Calculate the remainder when 160495 is divided by 160476.
19
Calculate the remainder when 822048 is divided by 5830.
18
What is the remainder when 1026479 is divided by 390?
389
Calculate the remainder when 12465135 is divided by 707.
18
What is the remainder when 3634 is divided by 1458?
718
What is the remainder when 38881 is divided by 12797?
490
Calculate the remainder when 2608418 is divided by 583.
76
What is the remainder when 743474 is divided by 1962?
1838
Calculate the remainder when 27824000 is divided by 925.
0
Calculate the remainder when 9759508 is divided by 1711.
1675
Calculate the remainder when 46227157 is divided by 491.
489
Calculate the remainder when 1421327 is divided by 284148.
587
Calculate the remainder when 9207890 is divided by 4603929.
32
Calculate the remainder when 44670795 is divided by 3630.
15
Calculate the remainder when 53284662 is divided by 4985.
4982
Calculate the remainder when 303190 is divided by 148136.
6918
What is the remainder when 1554581 is divided by 383?
367
What is the remainder when 9264892 is divided by 55?
32
What is the remainder when 6502458 is divided by 591121?
127
What is the remainder when 86368 is divided by 436?
40
Calculate the remainder when 443416 is divided by 27.
22
Calculate the remainder when 10540960 is divided by 1499.
1491
What is the remainder when 451847 is divided by 1024?
263
What is the remainder when 3937859 is divided by 11?
2
What is the remainder when 3309013 is divided by 1217?
1207
What is the remainder when 4226122 is divided by 3036?
10
What is the remainder when 4892941 is divided by 12676?
5
What is the remainder when 5661898 is divided by 143?
99
Calculate the remainder when 34813 is divided by 32745.
2068
What is the remainder when 348862820 is divided by 3529?
3525
Calculate the remainder when 4824194 is divided by 7147.
7116
Calculate the remainder when 180013 is divided by 179957.
56
Calculate the remainder when 321179 is divided by 24697.
118
Calculate the remainder when 2079967 is divided by 1039879.
209
Calculate the remainder when 33087 is divided by 10947.
246
What is the remainder when 418075 is divided by 6965?
175
What is the remainder when 6667237 is divided by 392?
101
What is the remainder when 29585508 is divided by 44691?
66
Calculate the remainder when 496094 is divided by 2158.
1912
What is the remainder when 751626 is divided by 105?
36
Calculate the remainder when 1228420 is divided by 122826.
160
What is the remainder when 2288976 is divided by 1840?
16
What is the remainder when 312563 is divided by 1193?
1190
What is the remainder when 187579 is divided by 62497?
88
Calculate the remainder when 2940 is divided by 1117.
706
What is the remainder when 65845334 is divided by 7599?
7598
Calculate the remainder when 408661704 is divided by 136220566.
6
Calculate the remainder when 613952 is divided by 895.
877
What is the remainder when 206492 is divided by 1811?
38
Calculate the remainder when 10874 is divided by 2790.
2504
Calculate the remainder when 35106 is divided by 899.
45
Calculate the remainder when 308587 is divided by 1520.
27
What is the remainder when 14772112 is divided by 682?
674
Calcul